he prime factors of g?
3, 5
Suppose 35 = 3*m + 4*m. Let c = 3 - 0. Suppose -b + z = -0*z - 7, b - c = m*z. List the prime factors of b.
2
Suppose -w - 4*q + 22 = 0, 3*q + 10 = w + 4*q. Let v(d) = 8*d + 4*d**3 - 7*d**2 - 8 - 3*d**3 - 5*d**3 + 5*d**3. List the prime factors of v(w).
2
Let q(z) = -z**2. Let w(d) = -2*d**2 + 11. Let u(j) = -3*q(j) + w(j). Let c be -1 - 2*2/(-4). List the prime factors of u(c).
11
Suppose -20 = -2*y - 2*y. List the prime factors of y.
5
Let i(a) be the second derivative of 13*a**4/3 - a**2/2 + 10*a. List the prime factors of i(-1).
3, 17
Let j(k) = 5*k**2 - 4. List the prime factors of j(-2).
2
Let x(q) = q - 5. Let i be x(4). List the prime factors of (6 - -4) + (-1)/i.
11
Suppose -53 = -4*d + s, 2*d - 3*s = 2*s + 31. List the prime factors of d.
13
Let h = 111 - 79. List the prime factors of h.
2
Suppose -g + 4 = 5. List the prime factors of g/2*-2 + 18.
19
Let h(q) = q**3 + 4*q**2 + 4*q + 3. Let a be h(-2). Suppose a*x + 0*x = 0. Suppose v + x = 2. What are the prime factors of v?
2
Suppose 0 = -4*r + 5*w + 16, -2*r - 4 = w + 2. Let b be (1 + -4)*r + -1. Suppose 2*u - 2 = -n, u + b = n - 0*u. List the prime factors of n.
2
Suppose -4*r + 9*r = 0. Suppose -31 = -r*x - x. Let d = x + -22. What are the prime factors of d?
3
Let a = 26 + 5. List the prime factors of a.
31
Let h = -5 + 5. Let i = h + 4. What are the prime factors of i?
2
Suppose -y = -5*y + 188. Let x = y + -13. What are the prime factors of x?
2, 17
Let s = 26 + -3. List the prime factors of s.
23
Let q(n) = -n**2 - 7*n - 6. Let p be q(-5). Suppose -j = -2*j + p*f + 15, 3 = -f. What are the prime factors of j?
3
Let p = -7 + 9. Suppose -p*x + 6*x = 2*j + 26, -9 = -x + j. List the prime factors of x.
2
Suppose 5*l - 87 = 48. What are the prime factors of l?
3
Let t(w) = 2*w**2 - 7*w - 7. What are the prime factors of t(6)?
23
Let y = 0 + 5. Let o(b) = -b + 7. List the prime factors of o(y).
2
Let h(z) be the third derivative of 1/24*z**4 + 0*z + 0 + 2*z**2 + 5/3*z**3. List the prime factors of h(0).
2, 5
Suppose -4*q = 3*v - 0*q - 209, 2*q = -2*v + 140. Let f = 134 - v. Suppose -l + 11 = -2*a, -2*l - 4*a = l - f. List the prime factors of l.
17
Let z(w) = w + 7. Let f be z(-5). Suppose u = f*u - 87. Suppose 2*g - u = -3*g + 2*n, 1 = -n. List the prime factors of g.
17
Let a(m) be the first derivative of -m**3/3 + 4*m**2 + 6*m - 3. What are the prime factors of a(8)?
2, 3
Suppose -8*q + 277 = -523. What are the prime factors of q?
2, 5
Let u(l) = 2*l + 11. Let p(d) = -d - 6. Let q(x) = -7*p(x) - 4*u(x). Let j be q(-6). Suppose 0 = j*w - w - 51. What are the prime factors of w?
17
Suppose 4*g - 3*z = 15, -4*z - 25 = -2*g + z. Suppose g = -4*x + 7 + 13. List the prime factors of (-2)/x*3*-5.
2, 3
Let k(x) = x**3 - 4*x**2 + x. Let d be -2*(-3)/(-12)*-8. Let b be k(d). Suppose g - t - 18 = 0, -3*g = -b*g + 3*t + 18. List the prime factors of g.
2, 3
Suppose -27 = -n - 7. Suppose 3*x - 7*x = -n. What are the prime factors of x?
5
Suppose -5*x + 327 = 82. What are the prime factors of x?
7
Let u be (-12*1)/(9/6). List the prime factors of -2*(u - (3 - 1)).
2, 5
What are the prime factors of (-11 + 6)*(2 - 3)*10?
2, 5
Suppose 8*q = 7*q + 118. List the prime factors of q.
2, 59
Let s(j) = -j**3 - 7*j**2 - 9*j - 7. Let a be s(-6). Suppose -4*n - a = -43. List the prime factors of n.
2
Let h(d) = d**3 + 23*d**2 - 26*d + 56. What are the prime factors of h(-24)?
2, 13
Let w(t) = -t**2 - 12*t - 9. Let m be w(-11). Let c be 11 - (-1*4 - -2). Suppose -h - c = -m*h. List the prime factors of h.
13
Suppose 0 = k - 2, -h = -3*k - 0*k + 10. Let f = h - -5. Suppose 0 = c + f, 0*c - 22 = -4*w - 2*c. List the prime factors of w.
2, 3
Suppose 4*k + 185 = 9*k. What are the prime factors of k?
37
Let g = -519 + 274. List the prime factors of ((-12)/7)/(10/g).
2, 3, 7
Suppose -3*r + 12*r = 297. List the prime factors of r.
3, 11
Let v(j) = 7*j + 4. List the prime factors of v(4).
2
Suppose 0 = 3*h + 3*q - 12, 5*q - 5 + 25 = 3*h. Suppose 1 - 16 = h*g. Let r = 5 + g. List the prime factors of r.
2
Let u = -4 - -9. Suppose 5*n + 4*t - 101 = 0, n = -2*n - u*t + 71. List the prime factors of n.
17
Suppose 5*u + 0*u - 100 = 0. Suppose -2*i + u + 10 = 0. Let y = 25 - i. What are the prime factors of y?
2, 5
Suppose 0 = -3*r + 2*x - 2, 7 + 1 = -4*r + 4*x. Let v = r - 0. Suppose 0 = p - v - 6. What are the prime factors of p?
2
Let z be 1/(3 - 195/66). Suppose -3*p + z = -2*p. Suppose -o + g = -7, -5*o - 5*g = -p - 33. List the prime factors of o.
3
Let r(m) be the third derivative of -m**4/24 + m**3/2 - 2*m**2. Let i be r(0). Suppose -24 = i*g - 72. List the prime factors of g.
2
Suppose 7 = s - a, 5*s = 2*a - 4*a + 14. Suppose h + 12 = 5*h. Suppose -q + 96 = 4*q - s*d, -2*q = h*d - 43. List the prime factors of q.
2, 5
Suppose 2*z + 16 = 70. Suppose 4*r - 13 = z. List the prime factors of r.
2, 5
Let j be (-4)/(-14) + 288/21. Suppose -4*h = -3*h + 4, 2*b + 5*h + j = 0. What are the prime factors of b?
3
Let m be (-104)/(-18) - (-4)/18. List the prime factors of (m/2)/((-6)/(-14)).
7
List the prime factors of (19/(-2) - 4)*-6.
3
Let b(m) = m**3 - 9*m**2 - 3*m - 6. Let k be b(9). List the prime factors of k/(-18) - 4/(-24).
2
Suppose 3*k + k - 144 = 0. What are the prime factors of k?
2, 3
Suppose -4*l + 6*x + 124 = 2*x, -12 = -3*x. What are the prime factors of l?
5, 7
Suppose -5 + 1 = 2*t. Let c be -2 - (-3 - (t + 1)). Suppose 5*y - 4*y - 8 = c. What are the prime factors of y?
2
Let l be 8 - -4*(-3)/6. Suppose 2*h - l + 2 = 0. List the prime factors of h.
2
Let k(o) = -o**2 - 10*o - 3. Let l be k(-8). Suppose 5*b - 4*b = l. List the prime factors of b.
13
Let a(k) = -k**3 + k**2 + 2*k - 15. What are the prime factors of a(-5)?
5
Suppose -2*u = -3*a - 26, -4*a + u - 30 = -4*u. List the prime factors of 0*1/2 - a.
2, 5
Let j = 11 + -5. Let r(t) = 3*t**3. Let v be r(-1). Let q = j + v. What are the prime factors of q?
3
Suppose 2*m - 48 = -2*m. List the prime factors of m.
2, 3
Let x(t) = -t**3 + 3*t**2 - 4*t + 3. Let f be x(2). Let k = 1 + f. Suppose -3*n - 2*v + k = -5, 4*n + v - 15 = 0. What are the prime factors of n?
5
Let k = 4 - 0. Suppose 3*g - 4 = -0*q + 2*q, 2*q + k*g + 4 = 0. What are the prime factors of 24/q*(-1 + 0)?
2, 3
Suppose 117 = 6*y - 81. List the prime factors of y.
3, 11
Let l be (-1 - 8/(-6))*-3. What are the prime factors of 2*l - (5 - 38)?
31
Suppose -o + 4*w = 2*o - 338, -4*o = w - 476. Suppose 0 = -3*q - 9, 5*v - 3*q + 2*q = o. List the prime factors of v.
23
Let z = 2 - 5. Let d = 9 + z. List the prime factors of ((-6)/(-4))/(d/8).
2
Suppose -11*w + 6*w + 10 = 0. Suppose -w*d = d - 36. What are the prime factors of d?
2, 3
Let s(r) = -r**3 - 3*r**2 + 3*r + 6. Suppose -3*i - i = -12. Let p be 4/(-1*(i + -2)). List the prime factors of s(p).
2, 5
Let k = -15 - -29. Let l = -6 + k. List the prime factors of l.
2
Suppose -2*o = -0*w + 3*w - 22, -5*o - 20 = 0. List the prime factors of w.
2, 5
Let k = -11 + 48. List the prime factors of k.
37
Let h = -176 + 230. What are the prime factors of h?
2, 3
Let m = 134 + -73. What are the prime factors of m?
61
Let c(j) = 8*j**3 - 11*j**2 + 14*j - 14. Let z(h) = 7*h**3 - 10*h**2 + 13*h - 13. Let o(p) = -6*c(p) + 7*z(p). List the prime factors of o(4).
3, 7
Let t(n) = -n**2 + 2*n**3 - n**3 + 10*n**2 + 2. Let q be t(-9). List the prime factors of ((-8)/(-2) - q) + 0.
2
Suppose 8 + 4 = 3*w. Suppose -y = w*y - 25. What are the prime factors of y?
5
Let t be -2 - 0 - (-7)/1. Suppose -t*y + 6 = -4*y. What are the prime factors of y?
2, 3
Let i = 113 - 60. List the prime factors of i.
53
Let m(n) = -n**2 + 13*n + 2. Let w be m(10). Suppose -2*s = 2*k - w, -2*s + 34 = 4*k - 4*s. List the prime factors of k.
11
Let a(k) be the first derivative of 3*k**2 + 1. Let f = -13 - -14. List the prime factors of a(f).
2, 3
Let g = -129 - -184. What are the prime factors of g?
5, 11
Suppose 0 = f + f - 8. Suppose 80 = 5*k - f*w, 2*k = -k + 5*w + 35. List the prime factors of k.
2, 5
Let f be (-24)/9*(-6)/4. Suppose f*l = 21 + 23. List the prime factors of l.
11
Let f be (-3)/(-2)*(-8)/(-6). Suppose 0*t = f*t - 52. What are the prime factors of t?
2, 13
Suppose -4*d + 35 = d. Suppose -4*o = d - 23. Let p(r) = 2*r + 2. What are the pri